{"id":775245,"date":"2025-11-21T03:22:30","date_gmt":"2025-11-21T01:22:30","guid":{"rendered":"https:\/\/carpe-sol.com\/?post_type=immobilien&#038;p=775245"},"modified":"2025-11-21T03:22:30","modified_gmt":"2025-11-21T01:22:30","slug":"zadar-vrgada-baugrundstuck-zu-verkaufen-1632-m2-erste-reihe-freier-blick","status":"publish","type":"immobilien","link":"https:\/\/carpe-sol.com\/de\/immobilien\/zadar-vrgada-baugrundstuck-zu-verkaufen-1632-m2-erste-reihe-freier-blick\/","title":{"rendered":"ZADAR \u2013 VRGADA, BAUGRUNDST\u00dcCK ZU VERKAUFEN, 1632 M2, ERSTE REIHE, FREIER BLICK!!!"},"content":{"rendered":"<p>Zadar \u2013 Vrgada, Baugrundst\u00fcck von 1632 m2 zu verkaufen.<br \/>\n .<br \/>\n Das Grundst\u00fcck hat eine regelm\u00e4\u00dfige Form, Abmessungen ca. 24 m x 70 m, Zufahrtsstra\u00dfe, Strom neben dem Grundst\u00fcck.<br \/>\n .<br \/>\n DAS GRUNDST\u00dcCK HAT EINEN FREIEN BLICK AUF DAS MEER!!!<br \/>\n .<br \/>\n Es befindet sich in einer ausgezeichneten Lage, 5 m vom Meer und Strand, 500 m vom Stadtzentrum und F\u00e4hrhafen entfernt, in der N\u00e4he aller notwendigen Einrichtungen f\u00fcr einen angenehmen und ruhigen Urlaub auf der Insel!!!<br \/>\n .<br \/>\n Ordnungsgem\u00e4\u00dfe Unterlagen (derzeit in der gerichtlichen Eintragung, da mehrere Eigent\u00fcmer vorhanden). <\/p>\n","protected":false},"author":0,"featured_media":0,"template":"","meta":{"_acf_changed":false,"footnotes":""},"building_condition":[],"features":[],"haus_typ":[],"heating":[],"kategorie":[166],"location_feature":[266,395],"parking":[],"utility":[],"class_list":["post-775245","immobilien","type-immobilien","status-publish","hentry","kategorie-land-de","location_feature-direkt-neben-dem-strand","location_feature-pogled-na-more-de"],"acf":[],"yoast_head":"<!-- This site is optimized with the Yoast SEO plugin v26.4 - https:\/\/yoast.com\/wordpress\/plugins\/seo\/ -->\n<title>ZADAR \u2013 VRGADA, BAUGRUNDST\u00dcCK ZU VERKAUFEN, 1632 M2, ERSTE REIHE, FREIER BLICK!!! - CARPE SOL IMMOBILIEN<\/title>\n<meta name=\"description\" content=\"Zadar \u2013 Vrgada, Baugrundst\u00fcck von 1632 m2 zu verkaufen. . Das Grundst\u00fcck hat eine regelm\u00e4\u00dfige Form, Abmessungen ca. 24 m x 70 m, Zufahrtsstra\u00dfe, Strom\" \/>\n<meta name=\"robots\" content=\"index, follow, max-snippet:-1, max-image-preview:large, max-video-preview:-1\" \/>\n<link rel=\"canonical\" href=\"https:\/\/carpe-sol.com\/hr\/vlasni\u0161tvo\/zadar-vrgada-prodaja-grad-zemljista-1632-m2-prvi-red-otvoren-pogled\/\" \/>\n<meta property=\"og:locale\" content=\"de_DE\" \/>\n<meta property=\"og:type\" content=\"article\" \/>\n<meta property=\"og:title\" content=\"ZADAR \u2013 VRGADA, BAUGRUNDST\u00dcCK ZU VERKAUFEN, 1632 M2, ERSTE REIHE, FREIER BLICK!!! - CARPE SOL IMMOBILIEN\" \/>\n<meta property=\"og:description\" content=\"Zadar \u2013 Vrgada, Baugrundst\u00fcck von 1632 m2 zu verkaufen. . Das Grundst\u00fcck hat eine regelm\u00e4\u00dfige Form, Abmessungen ca. 24 m x 70 m, Zufahrtsstra\u00dfe, Strom\" \/>\n<meta property=\"og:url\" content=\"https:\/\/carpe-sol.com\/hr\/vlasni\u0161tvo\/zadar-vrgada-prodaja-grad-zemljista-1632-m2-prvi-red-otvoren-pogled\/\" \/>\n<meta property=\"og:site_name\" content=\"CARPE SOL IMMOBILIEN\" \/>\n<meta name=\"twitter:card\" content=\"summary_large_image\" \/>\n<script type=\"application\/ld+json\" class=\"yoast-schema-graph\">{\"@context\":\"https:\/\/schema.org\",\"@graph\":[{\"@type\":\"WebPage\",\"@id\":\"https:\/\/carpe-sol.com\/hr\/vlasni\u0161tvo\/zadar-vrgada-prodaja-grad-zemljista-1632-m2-prvi-red-otvoren-pogled\/\",\"url\":\"https:\/\/carpe-sol.com\/hr\/vlasni\u0161tvo\/zadar-vrgada-prodaja-grad-zemljista-1632-m2-prvi-red-otvoren-pogled\/\",\"name\":\"ZADAR \u2013 VRGADA, BAUGRUNDST\u00dcCK ZU VERKAUFEN, 1632 M2, ERSTE REIHE, FREIER BLICK!!! - CARPE SOL IMMOBILIEN\",\"isPartOf\":{\"@id\":\"https:\/\/carpe-sol.com\/hr\/#website\"},\"datePublished\":\"2025-11-21T01:22:30+00:00\",\"description\":\"Zadar \u2013 Vrgada, Baugrundst\u00fcck von 1632 m2 zu verkaufen. . Das Grundst\u00fcck hat eine regelm\u00e4\u00dfige Form, Abmessungen ca. 24 m x 70 m, Zufahrtsstra\u00dfe, Strom\",\"breadcrumb\":{\"@id\":\"https:\/\/carpe-sol.com\/hr\/vlasni\u0161tvo\/zadar-vrgada-prodaja-grad-zemljista-1632-m2-prvi-red-otvoren-pogled\/#breadcrumb\"},\"inLanguage\":\"de\",\"potentialAction\":[{\"@type\":\"ReadAction\",\"target\":[\"https:\/\/carpe-sol.com\/hr\/vlasni\u0161tvo\/zadar-vrgada-prodaja-grad-zemljista-1632-m2-prvi-red-otvoren-pogled\/\"]}]},{\"@type\":\"BreadcrumbList\",\"@id\":\"https:\/\/carpe-sol.com\/hr\/vlasni\u0161tvo\/zadar-vrgada-prodaja-grad-zemljista-1632-m2-prvi-red-otvoren-pogled\/#breadcrumb\",\"itemListElement\":[{\"@type\":\"ListItem\",\"position\":1,\"name\":\"Home\",\"item\":\"https:\/\/carpe-sol.com\/hr\/\"},{\"@type\":\"ListItem\",\"position\":2,\"name\":\"Immobilien\",\"item\":\"https:\/\/carpe-sol.com\/hr\/vlasni\u0161tvo\/\"},{\"@type\":\"ListItem\",\"position\":3,\"name\":\"ZADAR \u2013 VRGADA, BAUGRUNDST\u00dcCK ZU VERKAUFEN, 1632 M2, ERSTE REIHE, FREIER BLICK!!!\"}]},{\"@type\":\"WebSite\",\"@id\":\"https:\/\/carpe-sol.com\/hr\/#website\",\"url\":\"https:\/\/carpe-sol.com\/hr\/\",\"name\":\"CARPE SOL IMMOBILIEN\",\"description\":\"Leben in Kroatien - Immobilien in Kroatien\",\"publisher\":{\"@id\":\"https:\/\/carpe-sol.com\/hr\/#organization\"},\"potentialAction\":[{\"@type\":\"SearchAction\",\"target\":{\"@type\":\"EntryPoint\",\"urlTemplate\":\"https:\/\/carpe-sol.com\/hr\/?s={search_term_string}\"},\"query-input\":{\"@type\":\"PropertyValueSpecification\",\"valueRequired\":true,\"valueName\":\"search_term_string\"}}],\"inLanguage\":\"de\"},{\"@type\":\"Organization\",\"@id\":\"https:\/\/carpe-sol.com\/hr\/#organization\",\"name\":\"CARPE SOL IMMOBILIEN\",\"url\":\"https:\/\/carpe-sol.com\/hr\/\",\"logo\":{\"@type\":\"ImageObject\",\"inLanguage\":\"de\",\"@id\":\"https:\/\/carpe-sol.com\/hr\/#\/schema\/logo\/image\/\",\"url\":\"https:\/\/carpe-sol.com\/wp-content\/uploads\/2023\/04\/logo.png\",\"contentUrl\":\"https:\/\/carpe-sol.com\/wp-content\/uploads\/2023\/04\/logo.png\",\"width\":393,\"height\":72,\"caption\":\"CARPE SOL IMMOBILIEN\"},\"image\":{\"@id\":\"https:\/\/carpe-sol.com\/hr\/#\/schema\/logo\/image\/\"}}]}<\/script>\n<!-- \/ Yoast SEO plugin. -->","yoast_head_json":{"title":"ZADAR \u2013 VRGADA, BAUGRUNDST\u00dcCK ZU VERKAUFEN, 1632 M2, ERSTE REIHE, FREIER BLICK!!! - CARPE SOL IMMOBILIEN","description":"Zadar \u2013 Vrgada, Baugrundst\u00fcck von 1632 m2 zu verkaufen. . Das Grundst\u00fcck hat eine regelm\u00e4\u00dfige Form, Abmessungen ca. 24 m x 70 m, Zufahrtsstra\u00dfe, Strom","robots":{"index":"index","follow":"follow","max-snippet":"max-snippet:-1","max-image-preview":"max-image-preview:large","max-video-preview":"max-video-preview:-1"},"canonical":"https:\/\/carpe-sol.com\/hr\/vlasni\u0161tvo\/zadar-vrgada-prodaja-grad-zemljista-1632-m2-prvi-red-otvoren-pogled\/","og_locale":"de_DE","og_type":"article","og_title":"ZADAR \u2013 VRGADA, BAUGRUNDST\u00dcCK ZU VERKAUFEN, 1632 M2, ERSTE REIHE, FREIER BLICK!!! - CARPE SOL IMMOBILIEN","og_description":"Zadar \u2013 Vrgada, Baugrundst\u00fcck von 1632 m2 zu verkaufen. . Das Grundst\u00fcck hat eine regelm\u00e4\u00dfige Form, Abmessungen ca. 24 m x 70 m, Zufahrtsstra\u00dfe, Strom","og_url":"https:\/\/carpe-sol.com\/hr\/vlasni\u0161tvo\/zadar-vrgada-prodaja-grad-zemljista-1632-m2-prvi-red-otvoren-pogled\/","og_site_name":"CARPE SOL IMMOBILIEN","twitter_card":"summary_large_image","schema":{"@context":"https:\/\/schema.org","@graph":[{"@type":"WebPage","@id":"https:\/\/carpe-sol.com\/hr\/vlasni\u0161tvo\/zadar-vrgada-prodaja-grad-zemljista-1632-m2-prvi-red-otvoren-pogled\/","url":"https:\/\/carpe-sol.com\/hr\/vlasni\u0161tvo\/zadar-vrgada-prodaja-grad-zemljista-1632-m2-prvi-red-otvoren-pogled\/","name":"ZADAR \u2013 VRGADA, BAUGRUNDST\u00dcCK ZU VERKAUFEN, 1632 M2, ERSTE REIHE, FREIER BLICK!!! - CARPE SOL IMMOBILIEN","isPartOf":{"@id":"https:\/\/carpe-sol.com\/hr\/#website"},"datePublished":"2025-11-21T01:22:30+00:00","description":"Zadar \u2013 Vrgada, Baugrundst\u00fcck von 1632 m2 zu verkaufen. . Das Grundst\u00fcck hat eine regelm\u00e4\u00dfige Form, Abmessungen ca. 24 m x 70 m, Zufahrtsstra\u00dfe, Strom","breadcrumb":{"@id":"https:\/\/carpe-sol.com\/hr\/vlasni\u0161tvo\/zadar-vrgada-prodaja-grad-zemljista-1632-m2-prvi-red-otvoren-pogled\/#breadcrumb"},"inLanguage":"de","potentialAction":[{"@type":"ReadAction","target":["https:\/\/carpe-sol.com\/hr\/vlasni\u0161tvo\/zadar-vrgada-prodaja-grad-zemljista-1632-m2-prvi-red-otvoren-pogled\/"]}]},{"@type":"BreadcrumbList","@id":"https:\/\/carpe-sol.com\/hr\/vlasni\u0161tvo\/zadar-vrgada-prodaja-grad-zemljista-1632-m2-prvi-red-otvoren-pogled\/#breadcrumb","itemListElement":[{"@type":"ListItem","position":1,"name":"Home","item":"https:\/\/carpe-sol.com\/hr\/"},{"@type":"ListItem","position":2,"name":"Immobilien","item":"https:\/\/carpe-sol.com\/hr\/vlasni\u0161tvo\/"},{"@type":"ListItem","position":3,"name":"ZADAR \u2013 VRGADA, BAUGRUNDST\u00dcCK ZU VERKAUFEN, 1632 M2, ERSTE REIHE, FREIER BLICK!!!"}]},{"@type":"WebSite","@id":"https:\/\/carpe-sol.com\/hr\/#website","url":"https:\/\/carpe-sol.com\/hr\/","name":"CARPE SOL IMMOBILIEN","description":"Leben in Kroatien - Immobilien in Kroatien","publisher":{"@id":"https:\/\/carpe-sol.com\/hr\/#organization"},"potentialAction":[{"@type":"SearchAction","target":{"@type":"EntryPoint","urlTemplate":"https:\/\/carpe-sol.com\/hr\/?s={search_term_string}"},"query-input":{"@type":"PropertyValueSpecification","valueRequired":true,"valueName":"search_term_string"}}],"inLanguage":"de"},{"@type":"Organization","@id":"https:\/\/carpe-sol.com\/hr\/#organization","name":"CARPE SOL IMMOBILIEN","url":"https:\/\/carpe-sol.com\/hr\/","logo":{"@type":"ImageObject","inLanguage":"de","@id":"https:\/\/carpe-sol.com\/hr\/#\/schema\/logo\/image\/","url":"https:\/\/carpe-sol.com\/wp-content\/uploads\/2023\/04\/logo.png","contentUrl":"https:\/\/carpe-sol.com\/wp-content\/uploads\/2023\/04\/logo.png","width":393,"height":72,"caption":"CARPE SOL IMMOBILIEN"},"image":{"@id":"https:\/\/carpe-sol.com\/hr\/#\/schema\/logo\/image\/"}}]}},"_links":{"self":[{"href":"https:\/\/carpe-sol.com\/de\/wp-json\/wp\/v2\/immobilien\/775245","targetHints":{"allow":["GET"]}}],"collection":[{"href":"https:\/\/carpe-sol.com\/de\/wp-json\/wp\/v2\/immobilien"}],"about":[{"href":"https:\/\/carpe-sol.com\/de\/wp-json\/wp\/v2\/types\/immobilien"}],"version-history":[{"count":1,"href":"https:\/\/carpe-sol.com\/de\/wp-json\/wp\/v2\/immobilien\/775245\/revisions"}],"predecessor-version":[{"id":798767,"href":"https:\/\/carpe-sol.com\/de\/wp-json\/wp\/v2\/immobilien\/775245\/revisions\/798767"}],"wp:attachment":[{"href":"https:\/\/carpe-sol.com\/de\/wp-json\/wp\/v2\/media?parent=775245"}],"wp:term":[{"taxonomy":"building_condition","embeddable":true,"href":"https:\/\/carpe-sol.com\/de\/wp-json\/wp\/v2\/building_condition?post=775245"},{"taxonomy":"features","embeddable":true,"href":"https:\/\/carpe-sol.com\/de\/wp-json\/wp\/v2\/features?post=775245"},{"taxonomy":"haus_typ","embeddable":true,"href":"https:\/\/carpe-sol.com\/de\/wp-json\/wp\/v2\/haus_typ?post=775245"},{"taxonomy":"heating","embeddable":true,"href":"https:\/\/carpe-sol.com\/de\/wp-json\/wp\/v2\/heating?post=775245"},{"taxonomy":"kategorie","embeddable":true,"href":"https:\/\/carpe-sol.com\/de\/wp-json\/wp\/v2\/kategorie?post=775245"},{"taxonomy":"location_feature","embeddable":true,"href":"https:\/\/carpe-sol.com\/de\/wp-json\/wp\/v2\/location_feature?post=775245"},{"taxonomy":"parking","embeddable":true,"href":"https:\/\/carpe-sol.com\/de\/wp-json\/wp\/v2\/parking?post=775245"},{"taxonomy":"utility","embeddable":true,"href":"https:\/\/carpe-sol.com\/de\/wp-json\/wp\/v2\/utility?post=775245"}],"curies":[{"name":"wp","href":"https:\/\/api.w.org\/{rel}","templated":true}]}}

ZADAR – VRGADA, BAUGRUNDSTÜCK ZU VERKAUFEN, 1632 M2, ERSTE REIHE, FREIER BLICK!!!

<p>Zadar – Vrgada, Baugrundstück von 1632 m2 zu verkaufen.<br />
 .<br />
 Das Grundstück hat eine regelmäßige Form, Abmessungen ca. 24 m x 70 m, Zufahrtsstraße, Strom neben dem Grundstück.<br />
 .<br />
 DAS GRUNDSTÜCK HAT EINEN FREIEN BLICK AUF DAS MEER!!!<br />
 .<br />
 Es befindet sich in einer ausgezeichneten Lage, 5 m vom Meer und Strand, 500 m vom Stadtzentrum und Fährhafen entfernt, in der Nähe aller notwendigen Einrichtungen für einen angenehmen und ruhigen Urlaub auf der Insel!!!<br />
 .<br />
 Ordnungsgemäße Unterlagen (derzeit in der gerichtlichen Eintragung, da mehrere Eigentümer vorhanden). </p>

<!-- This site is optimized with the Yoast SEO plugin v26.4 - https://yoast.com/wordpress/plugins/seo/ -->
<title>ZADAR – VRGADA, BAUGRUNDSTÜCK ZU VERKAUFEN, 1632 M2, ERSTE REIHE, FREIER BLICK!!! - CARPE SOL IMMOBILIEN</title>
<meta name="description" content="Zadar – Vrgada, Baugrundstück von 1632 m2 zu verkaufen. . Das Grundstück hat eine regelmäßige Form, Abmessungen ca. 24 m x 70 m, Zufahrtsstraße, Strom" />
<meta name="robots" content="index, follow, max-snippet:-1, max-image-preview:large, max-video-preview:-1" />
<link rel="canonical" href="https://carpe-sol.com/hr/vlasništvo/zadar-vrgada-prodaja-grad-zemljista-1632-m2-prvi-red-otvoren-pogled/" />
<meta property="og:locale" content="de_DE" />
<meta property="og:type" content="article" />
<meta property="og:title" content="ZADAR – VRGADA, BAUGRUNDSTÜCK ZU VERKAUFEN, 1632 M2, ERSTE REIHE, FREIER BLICK!!! - CARPE SOL IMMOBILIEN" />
<meta property="og:description" content="Zadar – Vrgada, Baugrundstück von 1632 m2 zu verkaufen. . Das Grundstück hat eine regelmäßige Form, Abmessungen ca. 24 m x 70 m, Zufahrtsstraße, Strom" />
<meta property="og:url" content="https://carpe-sol.com/hr/vlasništvo/zadar-vrgada-prodaja-grad-zemljista-1632-m2-prvi-red-otvoren-pogled/" />
<meta property="og:site_name" content="CARPE SOL IMMOBILIEN" />
<meta name="twitter:card" content="summary_large_image" />
<script type="application/ld+json" class="yoast-schema-graph">{"@context":"https://schema.org","@graph":[{"@type":"WebPage","@id":"https://carpe-sol.com/hr/vlasništvo/zadar-vrgada-prodaja-grad-zemljista-1632-m2-prvi-red-otvoren-pogled/","url":"https://carpe-sol.com/hr/vlasništvo/zadar-vrgada-prodaja-grad-zemljista-1632-m2-prvi-red-otvoren-pogled/","name":"ZADAR – VRGADA, BAUGRUNDSTÜCK ZU VERKAUFEN, 1632 M2, ERSTE REIHE, FREIER BLICK!!! - CARPE SOL IMMOBILIEN","isPartOf":{"@id":"https://carpe-sol.com/hr/#website"},"datePublished":"2025-11-21T01:22:30+00:00","description":"Zadar – Vrgada, Baugrundstück von 1632 m2 zu verkaufen. . Das Grundstück hat eine regelmäßige Form, Abmessungen ca. 24 m x 70 m, Zufahrtsstraße, Strom","breadcrumb":{"@id":"https://carpe-sol.com/hr/vlasništvo/zadar-vrgada-prodaja-grad-zemljista-1632-m2-prvi-red-otvoren-pogled/#breadcrumb"},"inLanguage":"de","potentialAction":[{"@type":"ReadAction","target":["https://carpe-sol.com/hr/vlasništvo/zadar-vrgada-prodaja-grad-zemljista-1632-m2-prvi-red-otvoren-pogled/"]}]},{"@type":"BreadcrumbList","@id":"https://carpe-sol.com/hr/vlasništvo/zadar-vrgada-prodaja-grad-zemljista-1632-m2-prvi-red-otvoren-pogled/#breadcrumb","itemListElement":[{"@type":"ListItem","position":1,"name":"Home","item":"https://carpe-sol.com/hr/"},{"@type":"ListItem","position":2,"name":"Immobilien","item":"https://carpe-sol.com/hr/vlasništvo/"},{"@type":"ListItem","position":3,"name":"ZADAR – VRGADA, BAUGRUNDSTÜCK ZU VERKAUFEN, 1632 M2, ERSTE REIHE, FREIER BLICK!!!"}]},{"@type":"WebSite","@id":"https://carpe-sol.com/hr/#website","url":"https://carpe-sol.com/hr/","name":"CARPE SOL IMMOBILIEN","description":"Leben in Kroatien - Immobilien in Kroatien","publisher":{"@id":"https://carpe-sol.com/hr/#organization"},"potentialAction":[{"@type":"SearchAction","target":{"@type":"EntryPoint","urlTemplate":"https://carpe-sol.com/hr/?s={search_term_string}"},"query-input":{"@type":"PropertyValueSpecification","valueRequired":true,"valueName":"search_term_string"}}],"inLanguage":"de"},{"@type":"Organization","@id":"https://carpe-sol.com/hr/#organization","name":"CARPE SOL IMMOBILIEN","url":"https://carpe-sol.com/hr/","logo":{"@type":"ImageObject","inLanguage":"de","@id":"https://carpe-sol.com/hr/#/schema/logo/image/","url":"https://carpe-sol.com/wp-content/uploads/2023/04/logo.png","contentUrl":"https://carpe-sol.com/wp-content/uploads/2023/04/logo.png","width":393,"height":72,"caption":"CARPE SOL IMMOBILIEN"},"image":{"@id":"https://carpe-sol.com/hr/#/schema/logo/image/"}}]}</script>
<!-- / Yoast SEO plugin. -->

ZADAR – VRGADA, BAUGRUNDSTÜCK ZU VERKAUFEN, 1632 M2, ERSTE REIHE, FREIER BLICK!!! - CARPE SOL IMMOBILIEN

Zadar – Vrgada, Baugrundstück von 1632 m2 zu verkaufen. . Das Grundstück hat eine regelmäßige Form, Abmessungen ca. 24 m x 70 m, Zufahrtsstraße, Strom

https://carpe-sol.com/hr/vlasništvo/zadar-vrgada-prodaja-grad-zemljista-1632-m2-prvi-red-otvoren-pogled/

https://carpe-sol.com/hr/vlasništvo/zadar-vrgada-prodaja-grad-zemljista-1632-m2-prvi-red-otvoren-pogled/#breadcrumb

https://carpe-sol.com/hr/vlasništvo/
